ate the remainder when 51 is divided by v.
15
Suppose -3*r = -8*r. Calculate the remainder when 66 is divided by (1 + r)*(-2 - -19).
15
Let b = -69 + 101. Let s(y) = 94*y - 1. What is the remainder when s(1) is divided by b?
29
Suppose 0 = 4*r - 0*r - 108. What is the remainder when r is divided by (-58)/(-6) + 5/15?
7
Let x = -213 - -302. Calculate the remainder when x is divided by 31.
27
Let t(x) = x**2 - 19*x + 38. Calculate the remainder when t(18) is divided by 6.
2
Let g(w) be the first derivative of w**3/3 - w + 4. Let f = 72 - 50. Calculate the remainder when f is divided by g(-3).
6
Let a(r) = r - 7. Let f(s) = -6. Let x(t) = 3*a(t) - 4*f(t). Calculate the remainder when x(5) is divided by 7.
4
Let k(j) = -j**3 - 8*j**2 - 2. Let u be k(-8). What is the remainder when 33/(2 + -3 - u) is divided by 12?
9
Let i = -8 - -9. What is the remainder when 2 is divided by i?
0
Let h(l) = 3*l**2 + 5*l - 18. What is the remainder when h(-6) is divided by 23?
14
Suppose -s - 2 = -0*s. Suppose 2*a - 27 = -i, 4*i + 4*a - 3*a - 101 = 0. Calculate the remainder when i is divided by s/(-6) + (-38)/(-3).
12
Let z(x) = x**3 + 12*x**2 + 10*x + 21. What is the remainder when z(-11) is divided by 11?
10
Suppose 2*t - 4 = -0*t. Suppose 0 = -t*b + 4*b - 14. Let j = b - -1. What is the remainder when 23 is divided by j?
7
Let o = -30 - -76. Calculate the remainder when o is divided by 25.
21
Let j = 98 - 61. What is the remainder when 110 is divided by j?
36
What is the remainder when (-28)/(-1) + (-2 - -1) is divided by (-7)/(2/1 + -3)?
6
Let h(f) = f**2 + 5 + 3*f - 3 - 2 - 3. Calculate the remainder when 42 is divided by h(-6).
12
Suppose 3*u + 8 = 7*u. Suppose -u*t = t - 60. Suppose -t = -5*c + 70. What is the remainder when c is divided by 10?
8
Suppose k + 4*k - 5*b = 95, 3*b = -4*k + 62. What is the remainder when 152/3 + (-4)/6 is divided by k?
16
Suppose 0*w + 81 = 3*w. What is the remainder when w is divided by 14?
13
Suppose 5*k = 4*k + 4. Suppose 3*l = -k*n + 79, -1 + 27 = n + 2*l. Calculate the remainder when 78 is divided by n.
14
Let f(t) = -t**2 - 6*t + 8. Let y be f(-7). Suppose i - y - 1 = 0. Calculate the remainder when 20 is divided by (-1 - 0)/(i/(-22)).
9
Suppose 4*u = 5*j - 5, 0 = 3*j - 5*j - 5*u + 35. Let r(m) = -2*m**3 - 6*m + 6*m**2 - 1 - 4*m**3 + 7 + 5*m**3. Calculate the remainder when r(j) is divided by 1.
0
Suppose -30 = -45*g + 43*g. What is the remainder when 59 is divided by g?
14
Suppose g + 5*g - 204 = 0. Calculate the remainder when g is divided by 2 - -3*10/3.
10
Suppose 3*v - 63 = -6*v. What is the remainder when 7 is divided by v?
0
Calculate the remainder when (25/(-10) - -1)/((-2)/12) is divided by 3.
0
Suppose -5*g - c + 1 = -2*g, 20 = -4*c. Suppose 7*f - 65 = g*f. What is the remainder when f is divided by 8?
5
Let c = 196 + -154. What is the remainder when c is divided by 11?
9
Suppose -43 = -5*d + 5*w + 47, 3*w = -d + 2. What is the remainder when 40 is divided by d?
12
Suppose 0 = 4*z + 10 + 26. Let m = z - -9. Let q = 3 + m. Calculate the remainder when q is divided by 2.
1
Suppose -30 = -3*h + 3*k, -3*h - 5*k + 14 = -40. Let x = -6 + h. Let i = 0 - -11. What is the remainder when i is divided by x?
4
Suppose 0 = -3*q - 37 - 161. Let t = -39 - q. Calculate the remainder when t is divided by 14.
13
Let h(g) = 7*g - 6. What is the remainder when 15 is divided by h(2)?
7
Suppose 0 = 5*n + 99 - 404. What is the remainder when n is divided by 21?
19
Let h = 20 + -10. Suppose -x + 0*x = -h. Let c(v) = 3*v + 6. What is the remainder when c(4) is divided by x?
8
Suppose p - 4 = 1. Calculate the remainder when 15 is divided by p.
0
Suppose 0 = 42*i - 39*i - 210. What is the remainder when i is divided by 9?
7
Let d = -8 - -8. Let q(i) = i**2 - i + 3. Let m be q(d). Suppose o = m*u + 63, 4*u + 82 = o + 15. Calculate the remainder when o is divided by 13.
12
Suppose 26 + 23 = y. What is the remainder when y is divided by 10?
9
Let c(y) = 11 + 4*y + 2*y - y**2 - 5. Calculate the remainder when 20 is divided by c(5).
9
Suppose 0 - 87 = -3*d. Let s = 43 - d. What is the remainder when 54 is divided by s?
12
What is the remainder when 25/10*(-438)/(-15) is divided by 19?
16
Let y be 1/(-1) + -6 + 6. Let z(k) = -23*k + 1. What is the remainder when z(y) is divided by 13?
11
Suppose -2*y - 300 = -4*v + 2*y, y = 5. Suppose -6*w + v = -w. What is the remainder when (3/(-3))/((-3)/90) is divided by w?
14
Suppose 3*t = 101 + 61. Suppose 2*o - t = -0*o. Suppose -c + 19 = 5. Calculate the remainder when o is divided by c.
13
Let n be 16/5 + (-1)/5. Suppose 0 = -3*u - 3*z - 36, -5*u + 0*z - 20 = -n*z. Calculate the remainder when 4 is divided by (-19)/u + (-14)/(-49).
1
Let f(x) = 24*x - 28. Calculate the remainder when 172 is divided by f(3).
40
Suppose 4*j = -4*r + 68, 81 = 6*j - j + r. What is the remainder when 26 is divided by j?
10
Let c = 33 - -30. What is the remainder when c is divided by 18?
9
Calculate the remainder when (-1)/(12/90 - 329/2355) is divided by 40.
37
Let b = 143 + -138. Let g(p) = 18*p - 1. What is the remainder when g(1) is divided by b?
2
Suppose 0 = -9*r + 12*r - 129. What is the remainder when 126 is divided by r?
40
Suppose 2*p - 5*o = 53 - 12, 2*p + o = 23. Suppose v = -3*r - 6, 0 = -2*v - r - 7. Let a(w) = w**2 - 1. What is the remainder when p is divided by a(v)?
5
Suppose -3*k - 6 + 30 = 0. Let y = k + -4. Suppose -y*t + 162 = 22. Calculate the remainder when t is divided by 12.
11
Let i(u) be the second derivative of -4*u**2 + 1/3*u**3 + 2*u + 0 - 1/20*u**5 + 2/3*u**4. What is the remainder when i(8) is divided by 3?
2
Let u(m) = -88*m + 1. What is the remainder when u(-1) is divided by 9?
8
Suppose -5*g + h = -222, 99 + 129 = 5*g + h. Suppose 0 = 4*y - 11 - g. Suppose -3*b + 5*b = 54. Calculate the remainder when b is divided by y.
13
What is the remainder when 6/(-2 + (-35)/(-10)) is divided by 4?
0
Suppose -2*s + 132 = s. Suppose x - 2*x - s = -5*p, 5*p + 3*x = 28. What is the remainder when 15 is divided by p?
7
Suppose -v = 4*i - 28, 0 = -0*i + 3*i + 3*v - 30. What is the remainder when ((-4)/1 + 6)*20 is divided by (63/12)/(i/16)?
12
Let q be 513/5 - 2/(-5). Suppose 20 = 3*a - q. Calculate the remainder when a is divided by 14.
13
Let h(f) = 4*f**2 - 2*f. Calculate the remainder when h(2) is divided by 3.
0
Suppose 2*o + 0*o = 30. Suppose 2*p + 25 = -17. Let x = 27 + p. Calculate the remainder when o is divided by x.
3
Let v = -8 - -11. Suppose 6*d = v*d + 12, f + 3*d = 15. Suppose -3*m + j = 2*m - 111, f*m - 49 = 5*j. What is the remainder when m is divided by 12?
11
Let x = -61 + 84. Let j(t) = 8*t. What is the remainder when x is divided by j(1)?
7
Let d(y) = y**2 - 5*y + 3. Let g be d(5). Calculate the remainder when 25 is divided by 13 - -1*(g + -2).
11
Let i = 1 + 5. Suppose -i = -3*r - 0*r. Suppose r*h = -h + 24. Calculate the remainder when 31 is divided by h.
7
Suppose -5*m = 6 - 21, 303 = 4*y + m. What is the remainder when y is divided by 21?
12
Suppose -4*w = 12 - 88. What is the remainder when w is divided by 28/(-6)*6/(-4)?
5
Let v = -5 + -20. Let b = v - -42. What is the remainder when 49 is divided by b?
15
Let n be (-44)/(-12) + 2/(-3). Suppose n*z - 6 = -0*z. Suppose 0 = -z*o - m + 32, 2*o - 21 = -2*m + 11. What is the remainder when 31 is divided by o?
15
Let q(j) = -j**3 + 22. Let f be q(0). Suppose -4*h + f = 3*i - 4*i, 0 = 3*h - 4*i - 10. What is the remainder when (4 - -7)/((-7)/(-7)) is divided by h?
5
Suppose 0 = -3*k + 42 + 51. Calculate the remainder when k is divided by (2/(-4))/(5/(-170)).
14
Let v(o) = -o**3 - o + 1. Let r(g) = 5*g**3 + 5*g - 22. Let z(w) = -r(w) - 6*v(w). What is the remainder when 62 is divided by z(0)?
14
Let o(d) = 5*d**3 + d**2 - 1. Let v be o(-1). Let w = v + 9. Let b = w - 2. Calculate the remainder when 5 is divided by b.
1
What is the remainder when 37*(-3 + 0 - -4) is divided by 12?
1
Let m = -17 + 26. Let u(k) = k**2 - 8*k + 4. Let c be u(m). Suppose -f + c = 4*j - 2*f, -4*j + 3*f + 15 = 0. What is the remainder when 5 is divided by j?
2
Let y(r) = 15*r**2 - 3*r - 2. Let p be y(-1). Calculate the remainder when ((-136)/(-6))/(p/24) is divided by 18.
16
Let s = 121 - 68. Suppose -2*g = -0*g - 28. What is the remainder when s is divided 